composite?
True
Is 83983 prime?
True
Is 1482121 prime?
True
Is 6482123 composite?
False
Is 4907 a prime number?
False
Is 33559 prime?
False
Is 56251 composite?
True
Is 353359 prime?
True
Is 1145 composite?
True
Is 3161 a composite number?
True
Is 2610649 prime?
True
Is 51031 a composite number?
False
Is 21209 a composite number?
True
Is 31919 a prime number?
False
Is 361421 composite?
False
Is 32503 a prime number?
True
Is 8782 a prime number?
False
Is 1887983 a composite number?
True
Is 2881 prime?
False
Is 30403 composite?
False
Is 151667 a prime number?
True
Is 2044858 a composite number?
True
Is 13814 prime?
False
Is 25287 prime?
False
Is 190151 prime?
False
Is 25241 prime?
False
Is 8501 composite?
False
Is 331801 a prime number?
True
Is 1361 prime?
True
Is 58517 a prime number?
False
Is 27299 a composite number?
False
Is 42863 a composite number?
False
Is 479 a composite number?
False
Is 42209 a prime number?
True
Is 755459 a prime number?
False
Is 1465355 prime?
False
Is 6383 prime?
False
Is 27043 a composite number?
False
Is 277271 composite?
True
Is 8157 a composite number?
True
Is 169199 composite?
False
Is 29753 a composite number?
False
Is 14563 composite?
False
Is 354479 prime?
True
Is 579559 a prime number?
False
Is 1411387 prime?
True
Is 8509 prime?
False
Is 109931 a composite number?
True
Is 560459 a composite number?
False
Is 4846705 a composite number?
True
Is 1704511 a composite number?
False
Is 19369 composite?
True
Is 2599 a composite number?
True
Is 8659 prime?
False
Is 1788101 a prime number?
False
Is 1757 a prime number?
False
Is 33227 a prime number?
False
Is 36789 composite?
True
Is 921047 composite?
True
Is 142271 a composite number?
False
Is 790591 a composite number?
True
Is 9211 a prime number?
False
Is 1039 a composite number?
False
Is 91867 a prime number?
True
Is 46459 a prime number?
False
Is 16097 a prime number?
True
Is 94157 prime?
False
Is 2167 prime?
False
Is 13487 composite?
False
Is 10546 prime?
False
Is 872533 prime?
True
Is 1535 a prime number?
False
Is 1987919 a composite number?
False
Is 235369 prime?
True
Is 33287 a prime number?
True
Is 261073 composite?
True
Is 130579 composite?
False
Is 5583 a composite number?
True
Is 11923 a prime number?
True
Is 821 a composite number?
False
Is 12889 composite?
False
Is 39922 a prime number?
False
Is 818093 a prime number?
True
Is 508589 a prime number?
False
Is 79201 a prime number?
True
Is 80441 a prime number?
False
Is 32297 a composite number?
False
Is 83047 prime?
True
Is 11497 composite?
False
Is 41083 a composite number?
True
Is 8641 a prime number?
True
Is 913499 a composite number?
True
Is 516319 composite?
False
Is 28937 composite?
True
Is 214937 composite?
True
Is 41381 a prime number?
True
Is 217361 prime?
True
Is 958121 prime?
True
Is 201998 prime?
False
Is 737747 composite?
False
Is 5627 a prime number?
False
Is 5703 composite?
True
Is 3953 prime?
False
Is 35069 prime?
True
Is 1554683 composite?
True
Is 1716807 composite?
True
Is 10129 a prime number?
False
Is 144161 composite?
False
Is 135611 composite?
True
Is 2957 prime?
True
Is 1803 prime?
False
Is 74335 a prime number?
False
Is 10169 a prime number?
True
Is 469747 prime?
True
Is 1139837 composite?
True
Is 1993 prime?
True
Is 156217 prime?
True
Is 201739 composite?
True
Is 467221 a composite number?
True
Is 27647 prime?
True
Is 691 prime?
True
Is 57151 composite?
True
Is 30397 composite?
True
Is 365227 a composite number?
True
Is 28019 composite?
False
Is 279659 a composite number?
False
Is 282959 prime?
True
Is 305621 prime?
True
Is 153871 composite?
False
Is 91493 a prime number?
True
Is 1018177 prime?
True
Is 290305 a prime number?
False
Is 102139 prime?
True
Is 2611 a composite number?
True
Is 51617 composite?
True
Is 132361 a prime number?
True
Is 412843 prime?
False
Is 139507 a composite number?
True
Is 3386 a prime number?
False
Is 254351 prime?
False
Is 35503 a composite number?
True
Is 328885 a composite number?
True
Is 230531 composite?
True
Is 9661 prime?
True
Is 45659 a prime number?
True
Is 12847 composite?
True
Is 739 composite?
False
Is 108301 composite?
False
Is 1513 composite?
True
Is 84023 prime?
False
Is 2269 composite?
False
Is 13117 composite?
True
Is 87613 composite?
False
Is 42061 composite?
False
Is 110897 a composite number?
True
Is 52609 a composite number?
False
Is 99277 composite?
False
Is 11081 composite?
True
Is 87869 prime?
True
Is 75961 a prime number?
False
Is 75937 a composite number?
False
Is 138218 a prime number?
False
Is 51109 prime?
True
Is 1073 a composite number?
True
Is 1608247 prime?
False
Is 2321 a prime number?
False
Is 3043 a composite number?
True
Is 86987 composite?
True
Is 52627 a composite number?
False
Is 3572671 prime?
False
Is 3221 a prime number?
True
Is 98009 a composite number?
False
Is 5729 prime?
False
Is 63647 a composite number?
False
Is 16241 composite?
True
Is 286283 a prime number?
False
Is 9413 prime?
True
Is 1284007 prime?
True
Is 1191 composite?
True
Is 20647 composite?
True
Is 19813 a prime number?
True
Is 28115 composite?
True
Is 107857 a composite number?
False
Is 1983703 composite?
True
Is 73121 composite?
False
Is 7603 prime?
True
Is 1639 a composite number?
True
Is 1152589 prime?
True
Is 837605 prime?
False
Is 370259 a composite number?
True
Is 6537 prime?
False
Is 6163 prime?
True
Is 2333 prime?
True
Is 16547 composite?
False
Is 104281 a composite number?
False
Is 367 a prime number?
True
Is 14143 a composite number?
False
Is 372703 composite?
True
Is 26513 composite?
False
Is 2159 prime?
False
Is 96643 prime?
True
Is 22205 a composite number?
True
Is 52627 composite?
False
Is 7465 composite?
True
Is 291209 prime?
True
Is 374059 a composite number?
True
Is 14501 a prime number?
False
Is 174749 prime?
True
Is 39703 a composite number?
False
Is 81223 a prime number?
True
Is 1068611 a prime number?
True
Is 210493 a prime number?
False
Is 95461 composite?
False
Is 21929 prime?
True
Is 313307 composite?
False
Is 11213 prime?
True
Is 5155 a composite number?
True
Is 11073 a composite number?
True
Is 5309 a prime number?
True
Is 146977 a prime number?
True
Is 414517 prime?
False
Is 13739 prime?
False
Is 12381 prime?
False
Is 716351 a composite number?
False
Is 132695 composite?
True
Is 1823 composite?
False
Is 391367 a composite number?
False
Is 17417 a prime number?
True
Is 2119 a composite number?
True
Is 67883 prime?
True
Is 1220851 a prime number?
False
Is 110247 composite?
True
Is 10753 prime?
True
Is 78899 prime?
False
Is 14109 a prime number?
False
Is 2641441 a prime number?
False
Is 1703479 prime?
True
Is 11441 composite?
True
Is 7142 prime?
False
Is 19249 composite?
False
Is 242329 a prime number?
True
Is 99347 prime?
True
Is 5903 a prime number?
True
Is 34123 a prime number?
True
Is 5574533 a prime number?
False
Is 22489 prime?
False
Is 172565 a prime number?
False
Is 22303 a prime number?
True
Is 431047 a prime number?
True
Is 17077 a prime number?
True
Is 6599 prime?
True
Is 2493979 a composite number?
False
Is 28697 composite?
False
Is 4963 composite?
True
Is 4751 a composite number?
False
Is 90893 a prime number?
False
Is 31687 a prime number?
True
Is 1657 a prime number?
True
Is 576395 composite?
True
Is 2333 prime?
True
Is 30655 a composite number?
True
Is 481469 a prime number?
True
Is 484159 prime?
False
Is 1418234 composite?
True
Is 270821 composite?
False
Is 541 a composite number?
False
Is 2344139 a prime number?
False
Is 170437 a composite number?
True
Is 21731 a composite number?
True
Is 4285 prime?
False
Is 574538 composite?
True
Is 259151 composite?
False
Is 563899 a prime number?
False
Is 13093 a composite number?
False
Is 6637 a composite number?
False
Is 276557 a composite number?
False
Is 6599 a prime number?
True
Is 15427 a composite number?
False
Is 550387 composite?
True
Is 54187 composite?
True
Is 8147 a composite number?
False
Is 1721 a composite number?
False
Is 26033 prime?
False
Is 39419 a composite number?
False
Is 900509 a composite number?
True
Is 56887 prime?
False
Is 403009 prime?
False
Is 76463 composite?
False
Is 6659 composite?
False
Is 51469 a prime number?
False
Is 3433 a prime number?
True
Is 3571 composite?
False
Is 166111 a prime number?
False
Is 98947 a composite number?
F